 of u.
2, 3
Suppose 2*a - 2*c = 110, 2*c - 62 + 10 = -a. List the prime factors of a.
2, 3
Let p be (10/(-6))/(1/(-3)). Suppose 0*c - 50 = p*c. List the prime factors of c*1/((-1)/1).
2, 5
Suppose 104 = 4*u + 12. List the prime factors of u.
23
Suppose 6*k = k - 45. Let v be 2360/72 - 2/k. What are the prime factors of (-2)/(-11) - (-126)/v?
2
Suppose -2*z - 2*l - 3*l = -148, 5*z = 2*l + 428. List the prime factors of z.
2, 3, 7
Suppose 5*v - 1008 = -7*v. What are the prime factors of v?
2, 3, 7
Let w be -1 + (-2)/(-1) - -1. List the prime factors of 6 - -4 - (-1 - w).
13
Let d be (-6 - -7)*(-8 + 2). Let r = d - -10. What are the prime factors of r?
2
List the prime factors of (-52)/(-6) - (-8)/(-12).
2
What are the prime factors of ((-77)/28)/((-2)/32)?
2, 11
Suppose 2*t = 3*t + 8. Let p = 21 + t. List the prime factors of p.
13
Let j(u) = -u**3 - 2*u**2 + 1. Let q be j(-1). Suppose -s + 3*s = 5*g, q = 3*s - 3*g - 18. What are the prime factors of s?
2, 5
Suppose -i + 21 = 2*h + 7, 3*i = h + 14. Let o(c) = -c**2 + 6*c + 2. Let j be o(i). Suppose -15 = -j*m - m. What are the prime factors of m?
5
What are the prime factors of (-2)/(4/(-728)*4)?
7, 13
Let t(b) = b**3 + 6*b**2 - 2*b + 5. What are the prime factors of t(-4)?
3, 5
Suppose 0*j = 4*j. Suppose j*v + 5*v - 40 = 0. What are the prime factors of v?
2
Let u = -68 + 112. List the prime factors of u.
2, 11
Suppose 3*v + 1 = 4. Let h = v - 1. Suppose -3*u + 21 = -h*u. List the prime factors of u.
7
Suppose -76 = -3*h + 260. List the prime factors of h.
2, 7
Suppose 0 = 4*k - 2*r - 470, -7*k + 113 = -6*k - 2*r. What are the prime factors of k?
7, 17
Let u(l) be the third derivative of -l**4/8 + 5*l**3/3 + l**2. What are the prime factors of u(-7)?
31
Suppose -3*d - 2*d + 130 = 0. Suppose -3*x - 2*x = 5*i - 35, -d = -5*x - 2*i. What are the prime factors of x?
2
Let y(w) = 7*w - 6. Let b(f) = -f**3 - 7*f**2 + 7*f - 2. Let n be b(-8). Let a be y(n). Suppose q + 3*q = a. What are the prime factors of q?
3
Let y be 2 - (-3 + 3)/2. Suppose 4*m = -3*d + 43 - 16, -4*d - y*m + 26 = 0. List the prime factors of d.
5
Let r = -26 - -28. List the prime factors of r.
2
Let w = 26 - 6. List the prime factors of w.
2, 5
Suppose -5*z = 3*q - 463, 14*q = 10*q + 5*z + 559. List the prime factors of q.
2, 73
Let y(r) = r**3 - 5*r**2 + 2*r + 1. Let z = 14 + -9. What are the prime factors of y(z)?
11
Suppose 0 = -r + t - 5*t + 246, 4*r = 2*t + 1020. What are the prime factors of r?
2, 127
Let a(c) = c**3 - 7*c**2 + c - 7. Let i be a(7). Let y be (-1)/((-1)/60) - i. Suppose 0*w + y = 5*w. List the prime factors of w.
2, 3
Let o(w) be the third derivative of -w**6/120 + w**5/15 + w**3/2 - 2*w**2. Suppose 0 = -4*i + 7 + 5. List the prime factors of o(i).
2, 3
Let v = 17 - 8. Let q(t) = 0 + t**2 - 11 - 7*t - 2. What are the prime factors of q(v)?
5
Let o(w) = 9*w**2 + 3. List the prime factors of o(2).
3, 13
Let s be 2 - 3*(-6)/(-9). Let v(n) = 4 + n + 0*n + s*n. List the prime factors of v(4).
2
Suppose 0 = 5*t - 10*t + 30. Suppose -3*k = 2*d - 8, t = -3*k - 6. List the prime factors of d.
2, 5
What are the prime factors of (1 - -4) + -3 + 1?
3
Let m(t) = -t**2 - 5*t + 2. Let v be m(-5). Let h be (4/v - 2)/1. Suppose h = -4*x + 3*x + 4. List the prime factors of x.
2
Suppose -2*h - 5 + 27 = -3*o, -4*o - 36 = 4*h. List the prime factors of 10/3 - o/12.
2
Let g(z) = z + 14. Let x be g(-6). Suppose m = 2*a - 3, 2*m - 5*a = -12 + 4. Suppose -m - x = -h. What are the prime factors of h?
3
Suppose -q - 1 = -0. Let v = -10 - -17. Let j = q + v. List the prime factors of j.
2, 3
Let a = -6 - -9. Suppose -3 = -a*s + 9. List the prime factors of s.
2
Suppose 2 = -2*o, -x - 81 = -5*x + o. List the prime factors of x.
2, 5
Suppose 0 = 4*n - 4 - 0. Suppose 3*o - n - 8 = 0. Let j = 7 - o. What are the prime factors of j?
2
Let v(w) = w**2 + w. Let d(p) = p - 1. Let f be d(0). Let j be v(f). Suppose t + 0 = m - 13, 5*m + 4*t - 110 = j. List the prime factors of m.
2, 3
What are the prime factors of ((-1)/1)/((-3)/789)?
263
Let l(t) = 3 + 8 + t**3 - 4 - 2*t + 7*t**2. What are the prime factors of l(-7)?
3, 7
Let w be 18/(-27)*(-9)/(-2). What are the prime factors of 2*((-228)/4)/w?
2, 19
Suppose 4*q - 333 = 315. List the prime factors of q.
2, 3
Suppose 26 = -2*d + 4*d. Suppose -5*b + d = -2*m - 43, 2*b - 62 = 3*m. What are the prime factors of (-4)/m + (-151)/(-9)?
17
Suppose -4*l = -17 + 1. Suppose -a - 3*k - 2 = -4*k, l = -3*a + 2*k. What are the prime factors of (36/(-3))/(a + -1)?
2, 3
Suppose -3*k + 8 = -2*y, 0*k + 2*k - 2 = -2*y. Suppose 0 = -6*n + k*n + 72. What are the prime factors of n?
2, 3
Suppose -3*n = 5*c - 195, 3*c + 195 = 3*n + 4*c. List the prime factors of n.
5, 13
What are the prime factors of (1073 + 1)/2*(-2)/(-6)?
179
Suppose 2*s = -2*s + 4. Let u be 1*((s - 4) + -3). Let p = 10 + u. List the prime factors of p.
2
Suppose 2*s + 35 = -y, s + 2*y + 21 = 5*y. Let p be (-2)/(-9) + (-2588)/s. What are the prime factors of p/10 + (-10)/25?
2, 7
List the prime factors of (-269)/(-3) - 10/15.
89
Let y be 2/(-4) - (-7)/2. Let v(c) be the third derivative of -c**5/60 + 7*c**4/24 - 2*c**3/3 - c**2. List the prime factors of v(y).
2
Suppose 4*d = 2*l + l + 49, -2*d - 5*l = -57. Let w = d - 12. List the prime factors of w.
2
Let q = 97 + -219. Let d = q - -243. Suppose -4*y - 2*v = y - d, -4*y - 5*v = -107. List the prime factors of y.
23
List the prime factors of 92/3*(-12)/(-8).
2, 23
Let z = -7 - -4. Let u(x) = -6*x - 3. What are the prime factors of u(z)?
3, 5
Let j be (1 - 3)*(1 + 1). Let z be (-102)/(-9) - j/6. Suppose -3*a = -z, 2*q + 28 = 6*q + a. List the prime factors of q.
2, 3
Suppose -2*y = -8*y + 384. What are the prime factors of y?
2
Let k(f) = -f**2 + f + 3. Let o be k(0). Suppose 0 = -o*n + n + t + 64, -3*t + 6 = 0. List the prime factors of n.
3, 11
Suppose -4*h = h, -3*x - 5*h = -54. List the prime factors of x.
2, 3
List the prime factors of -1*258/3*3/(-6).
43
Suppose x - 38 = 2*c - 3*c, 2*x = c + 67. Suppose -7*h + 2*h + x = 0. List the prime factors of h.
7
Suppose -4*t + 503 = 79. List the prime factors of t.
2, 53
Let r = -8 + 13. Suppose 2*l - 8 - 49 = -5*x, -l + 56 = r*x. Let o(a) = a - 4. List the prime factors of o(x).
7
Suppose -2*s + 7*s = 410. List the prime factors of s.
2, 41
Let o be 2/(-4)*(-2 - 2). Let g(b) = b**3 + 4 - 6*b + b - 3*b + 6*b**o. What are the prime factors of g(-7)?
11
Suppose -2*a = a - 150. Suppose -26 = 4*k - 5*k - 3*w, -5*w = -5*k + a. List the prime factors of k.
2, 7
Suppose 5*y + 409 = 5*x - 226, 137 = x - 3*y. List the prime factors of x.
2, 61
Let w = 10 - 7. Suppose -i - 11 = -3*g, -2*g = -w*g - 3*i + 17. List the prime factors of g.
5
Let u(o) = -o - 1. Let l be u(-1). Suppose l*v + v + 3 = 0, -4*n + 5*v = -71. What are the prime factors of n?
2, 7
Let b = 15 + -11. Suppose 3*v = b*s + 2*v - 99, 0 = -3*s - 2*v + 88. What are the prime factors of s?
2, 13
Suppose 5*d - 4*i = -82 + 306, -40 = -d + 2*i. What are the prime factors of d?
2, 3
Suppose 4*o - 41 = 7. What are the prime factors of o?
2, 3
Let g(y) = -y**2 - 11*y - 9. Let o be g(-7). Suppose -3*v = -2*v + 6. Let l = v + o. What are the prime factors of l?
13
Suppose 0 = 4*c - 3*m + m - 110, -90 = -3*c + 3*m. Let x = 12 - c. Let p = -9 - x. List the prime factors of p.
2
Let q = 3 - -1. Let m = q - 1. Suppose -4*j + 4 = 0, 0 = -5*y + m*j + 2*j + 10. What are the prime factors of y?
3
What are the prime factors of (-4 + -37 - 1)*(-2)/2?
2, 3, 7
Let x(m) = -m**2 - 19*m - 7. List the prime factors of x(-13).
71
Suppose -3*l - 2 = -11. Let d(s) = 7*s**2 - 6*s**l + 8*s + 13 + 5*s**3 - 2 - 2. List the prime factors of d(8).
3
What are the prime factors of (-4)/(-28) + (-6)/(-7) - -142?
11, 13
Suppose -3*y - 5 = -14. List the prime factors of (y + -7 - 9)/(-1).
13
Let p be 137*1 + (-6 - -4). Suppose -n - 143 = -4*n + z, -3*n - 3*z = -p. What are the prime factors of n?
47
Let d(c) = c**2 + 7*c. Let a be d(-7). Suppose a = 2*k - 12 + 4. Suppose v - 11 = -4*y, 4*y - k - 1 = v. What are the prime factors of y?
2
Suppose -299 = -5*o + 3*a, -4*o - 4*a - 3 = -223. List the prime factors of o.
2, 29
Let t be (-2)/(-8) - (-14)/8. Suppose 7*c = -2*c + 54. Let h = c - t. List the prime factors of h.
2
Let i be -2 